w) = -w**3 + 3*w**2 + 4. Determine u(n).
-12
Let w be (2/(-2))/((-35)/(-105)). Let b(t) be the first derivative of -5*t**2/2 + 4*t + 2. Let c(q) = 4*q - 4. Let m(x) = w*b(x) - 4*c(x). What is m(9)?
-5
Let d(o) = -2*o - 7. Let i be d(-7). Let a(c) = -6*c - c**2 - 8*c - 11*c + 19*c - 18*c + 30*c - 3. Determine a(i).
-10
Let f(b) be the first derivative of 130 + 3/2*b**2 - 1/3*b**3 - 5*b. Give f(2).
-3
Let n(v) = -638*v + 48. Let a(b) = 567*b - 43. Let h(k) = -9*a(k) - 8*n(k). Let r = -5 + 5. What is h(r)?
3
Let h(y) = -11*y + 5. Let u(s) = -13*s + 6. Let g = -158 - -153. Let b(x) = g*u(x) + 6*h(x). Give b(4).
-4
Let f(y) = -y**2 + 7*y + 56. Suppose 112*m = -1164 + 604. Calculate f(m).
-4
Let c(d) be the first derivative of -3*d + 27 - 3/2*d**2 + 5/3*d**3 + 1/2*d**4. Calculate c(-4).
-39
Let b(s) be the third derivative of -7/3*s**3 - 18*s**2 - 1/90*s**6 - 1/24*s**4 + 0 + 0*s + 0*s**5. Let r(w) be the first derivative of b(w). Determine r(2).
-17
Let q(y) = -9752 + 9728 + y**2 - 5*y + 5*y**2. What is q(-2)?
10
Let m(v) = -2791*v**2 + 929*v**2 - 1 - 6*v + 936*v**2 + 927*v**2. Let q = 6 + -3. Give m(q).
-10
Suppose -18*g - 49 = -85. Let o(i) = 1 + 2242*i**g - 2241*i**2 + 2 - 3*i + 1. What is o(2)?
2
Let q(s) = 3*s - 50. Let b = -14294 + 14304. Determine q(b).
-20
Let n(p) = -p**2 - 3*p - 2. Let r be n(-2). Let m = -4914 - -4917. Let v(g) = -4*g**3 - 4*g**m - g - 4*g**2 + r + 9*g**3 + 3. Give v(3).
-9
Let h = -605 - -662. Suppose -h*p = -19*p + 38. Let b(t) = 6*t**3 + t**2 + t + 1. Give b(p).
-5
Let s(j) = 7*j**2 + j. Let q be (-866)/(-8) - 6 - 2/8. Let t = q + -104. Determine s(t).
26
Suppose -4*k - p - 14 = 0, -p = 4*k - 5*p - 16. Let j(f) = -12*f - 3. What is j(k)?
21
Let o(z) be the third derivative of -z**5/60 - 5*z**4/4 + 6*z**3 + 4979*z**2. What is o(-31)?
5
Let v = -3 + 3. Let k(i) = -2*i**2 - i**3 + i + 3*i + v*i**2 + 2 - 2*i. Let z be (-2)/(-3) + (-754)/348 + (-1)/2. Determine k(z).
-2
Let p(w) = -11*w + 2. Let v(q) = q**2 - 11*q - 11. Let i be (-930)/(-80) - (-6)/16. Let n be v(i). Give p(n).
-9
Let x(u) = -75 - 81 + 279 - 86 + 8*u. Determine x(-7).
-19
Suppose 0 = -6*g + 68 - 50. Let q(f) = -3*f**2 + 7*f - 3. Let p be q(g). Let n(c) = c**2 + 10*c + 7. What is n(p)?
-2
Let l = -6306 - -6303. Let y(w) = -1 + w + w - w. Calculate y(l).
-4
Let b(h) be the first derivative of 49*h**4/2 - 2*h**3/3 - h**2 - 2*h + 5467. Calculate b(-1).
-100
Let b = 60 - 52. Suppose -2*j + 33 = -5*c, j + 5*c + 13 = -b. Suppose -4*p + j*s - 5 = p, s = 0. Let k(t) = 6*t**2 + t. Determine k(p).
5
Let v(g) = 6*g**3 - 10*g**2 - 3*g + 8. Let o be v(5). Let k = o - 494. Let l(q) = 12*q**2 - 2. Give l(k).
10
Let t(j) = 135*j - 65*j - 69*j - 13 + 8. Determine t(-6).
-11
Let p = 3421 + -3408. Let a(v) = -6*v + 85. What is a(p)?
7
Suppose -5*m = 10 - 5. Let b(w) = 2*w**3 - 4*w**2 - w - 1. Let u(a) = -29*a**3 + 20*a**2 + 5*a + 4. Let k(i) = 5*b(i) + u(i). What is k(m)?
18
Let c(y) = -5*y**2 - 4*y + 6. Let t(d) = -d**3 + 6*d**2 - 7*d + 3. Let h be t(4). Let l(g) = -6*g**2 - 4*g + 7. Let j(o) = h*c(o) - 6*l(o). Determine j(6).
12
Let a(l) = -113*l**2 + 18*l + 20. Let m(r) = -207*r**2 + 37*r + 38. Let q(b) = 11*a(b) - 6*m(b). Calculate q(-24).
-8
Let v = -18 + 28. Let m(c) = -c + 10*c - 421*c**2 + 2 + 209*c**2 + 211*c**2. What is m(v)?
-8
Let n(k) = 3*k - 108. Let u be n(33). Let h be u/2*(-8)/(-12) + 1. Let j(c) = 15*c + 2. What is j(h)?
-28
Let d be (-9)/(-2)*2/1. Let g(r) = r**3 - 2*r**2 + 23*r - 44. Let o be g(2). Let m(x) = -39 + 18 + 20 + d*x**o. Give m(-1).
8
Let r(q) = -q - 6. Suppose -23*c = -36*c + 117. Suppose -c - 23 = 4*l. Determine r(l).
2
Let z(k) be the second derivative of -k**4/3 + 47*k**3/6 + 9*k**2 - 10*k + 49. Calculate z(12).
6
Let j(n) = -8*n**2 - 1069*n - 706. Let u be j(-133). Let l(s) = s**2 + 46*s + 205. Determine l(u).
0
Suppose 15 = 11*t - 62*t + 15. Let z(y) = -3*y**3 + 3*y**3 + y**3 + 2*y**2 + y - 2. Calculate z(t).
-2
Let r(v) be the second derivative of -v**3/3 - 9*v**2/2 - 11*v - 1. Let t be (-5 + 3)/(-2)*-5. Calculate r(t).
1
Let j(d) be the first derivative of d**3/3 + 5*d**2/2 - 14*d + 391. Determine j(-8).
10
Suppose 0 = -22*i + 20*i + q + 18, -10 = -3*i - 7*q. Let m(h) = -3 - h + 0 + 6. Give m(i).
-5
Let w(a) = 5*a**2 - 2*a + 1. Let z be w(1). Suppose -n - 18 = -z*n. Let g(m) = 9*m**2 - 8 - 34*m + m**3 - 16*m**2 + 40*m. Calculate g(n).
-8
Let i(o) = o**3 + o**2 - 4*o. Let w be (-7 + 91/14)*-10. Suppose 4*z - w = 5*v + 6, 0 = 3*v + 4*z + 13. Determine i(v).
-6
Suppose -4*l - 3*z - z + 68 = 0, 0 = l - z - 19. Let o(n) = 13*n - 21*n - l*n. What is o(-1)?
26
Let s(p) be the third derivative of p**5/30 + p**4/24 - p**3/2 + 18*p**2 + 11. Determine s(-2).
3
Let y(a) = -25*a**2 - 207*a - 1426. Let q(v) = 3*v**2 + 26*v + 178. Let h(j) = -17*q(j) - 2*y(j). Calculate h(-9).
-3
Let c(r) = 208*r - 14. Let b be c(1). Let q = b + -187. Let d(v) = -v**2 + 9*v + 1. Determine d(q).
15
Let q(m) = -58 + 81 - 7 + m**2 - 4*m - 17*m. What is q(21)?
16
Let a(h) = 2*h**2 + 6*h - 12. Let c be a(-5). Let b be (-1)/(4/c*-1). Let f(i) = 2*i**b + 22 - 3*i**2 - 25 + 2*i. Calculate f(3).
-6
Let w(j) = j**2 + 30*j. Let r = 1423 - 1453. Determine w(r).
0
Suppose 5*b = f - 2, -20*f + 4*b + 16 = -24*f. Let u(g) = 5*g**2 + 13*g - 4. Give u(f).
2
Let f(c) = 11*c**2 - c + 12. Suppose 6*b = 9 + 27. Let i(n) = -31*n**2 + 4*n - 34. Let w(p) = b*i(p) + 17*f(p). Give w(-6).
-6
Let i(q) = q**2 - 6*q + 3. Let z be i(6). Let d(k) = 3*k + 3*k**z + 7*k + 1 - 2*k - 7*k. Give d(-1).
-3
Let b(m) be the first derivative of -3*m**2/2 + 70*m - 109. Calculate b(26).
-8
Let t(k) = k**3 - 20*k**2 - 44*k - 9. Suppose 26*h = 568 + 4. What is t(h)?
-9
Suppose 0 = -2*z - z + 3*h + 579, 0 = 5*z + 4*h - 1001. Let o = z + -112. Let y(m) = -o*m - 1 + 68*m + 0. Calculate y(-1).
16
Suppose -1527 - 121 = 103*r. Let b(p) = p + 14. What is b(r)?
-2
Let r(g) = g**3 - 4*g**2 - g + 2. Suppose 11*u = 17*u + 12. Let k be (45/(-135))/(u/12). What is r(k)?
-8
Let g(b) = -371*b + 2604. Let u be g(7). Let q(t) = 15*t - 106. Give q(u).
-1
Let n(g) = -2*g**2 + 13*g - 2. Let z(y) = -15*y**2 + 105*y - 18. Let q(u) = 17*n(u) - 2*z(u). What is q(5)?
-43
Let g(z) = z**2 - 7*z + 1. Suppose -161*s + y - 21 = -165*s, 3*y = 2*s + 7. What is g(s)?
-11
Let d(r) = 0*r**2 - 4*r**2 + 1 + 0*r**2. Let o be 4*(-2)/12*792/528. Give d(o).
-3
Let j(h) = h**2 + 6*h - 3. Let s(k) = -k**2 - 3*k - 7. Let n be s(-6). Let u be 45/n*-5*(-6)/9. Calculate j(u).
-3
Let n(t) = -t**3 + 36*t**2 - 67*t - 30. Suppose -29*f + 216 - 73 = -843. What is n(f)?
4
Let i = -27178 + 27183. Let l(g) = -153*g + 771. What is l(i)?
6
Let l(y) = 13*y**2 + 5515 + 5510 - 2*y - 11048 + y**3. Calculate l(-13).
3
Suppose 0 = -2*y - 5*l + 27, 0*y + 3*l = y + 3. Let f(i) = -4 + 2*i + y - i + 5*i**3 - 3. Let c(g) = g**3 + 17*g**2 - 18*g + 1. Let n be c(-18). What is f(n)?
5
Suppose 3 = l + 1. Suppose 15*a + 0 - 30 = 0. Let y(f) = l*f + 2 - 3*f + f**3 + a + 0*f + 2*f**2. Calculate y(-3).
-2
Let m(d) be the first derivative of 0*d**2 + 5/3*d**3 + 1/4*d**4 - d + 301. Let o be -5 - (0 + -1*1). What is m(o)?
15
Let i(k) = -62*k - 31*k + 5 + 99*k. Calculate i(8).
53
Let h(t) = -t - 2. Let j = -58 + 62. Let g be (1 - (-20)/5) + (j - 0). Let m(i) = -i**3 + 10*i**2 - 9*i + 3. Let u be m(g). Calculate h(u).
-5
Let x = 1162 - 2286. Let f = 2377 + x. Let n(y) = -18*y - 1253 + f. Give n(1).
-18
Let r(b) be the first derivative of -b**7/840 - b**6/72 - b**5/40 - 103*b**3/3 - 9. Let s(h) be the third derivative of r(h). Calculate s(-5).
15
Suppose 3*o = -j + 698 - 25, 0 = -4*o - 2*j + 894. Let f(k) = -4*k - 2*k**2 - o + 232 + k**2. Let q(n) = -n**2 + 9*n - 6. Let i be q(9). Determine f(i).
-6
Let i(y) = -8*y**2 + y + 2. Suppose -26*o + 7*o + 95 = 0. Suppose -3*r = 5*b + 15 - 16, 25 = o*b - 5*r. Give i(b).
-28
Let o(c) = 68*c**2 - 45*c + 91. Let t(n) = -21*n**2 + 14*n - 30. Let v(l) = 4*o(l) + 13*t(l). What is v(0)?
-26
Suppose -3*z = -2*h - 13, z + 42*h - 45*h = 9. Let u(s) = 148*s**2 + z*s - 3 - 78*s**2 - 69*s**2. Give u(-5).
7
Let g(n) = 133*n + 3. Let r(a) = -22*a + 3. Let l(u) = -g(u) - 6*r(u). Determine l(-14).
-7
Let k(d) = 33*d**2 + 8*d - 8*d**2 + 7*d - 6*d**2 + 10 - 18*d**2. What is k(-6)?
-44
Let v(h) = -h**2 + 9*h + 5. Let x = -1300 + 1308. What is v(x)?
13
Let r(i) be the f